12?
2, 17
List the prime factors of 7947.
3, 883
List the prime factors of 1195.
5, 239
What are the prime factors of 22842?
2, 3, 47
List the prime factors of 1219.
23, 53
List the prime factors of 39075.
3, 5, 521
List the prime factors of 16210.
2, 5, 1621
List the prime factors of 46645.
5, 19, 491
What are the prime factors of 1984?
2, 31
List the prime factors of 89364.
2, 3, 11, 677
List the prime factors of 3718.
2, 11, 13
List the prime factors of 5275.
5, 211
What are the prime factors of 8533?
7, 23, 53
What are the prime factors of 496?
2, 31
What are the prime factors of 2800?
2, 5, 7
What are the prime factors of 16933?
7, 41, 59
What are the prime factors of 11914?
2, 7, 23, 37
List the prime factors of 7818.
2, 3, 1303
What are the prime factors of 33841?
43, 787
What are the prime factors of 88247?
17, 29, 179
List the prime factors of 40356.
2, 3, 19, 59
What are the prime factors of 16458?
2, 3, 13, 211
What are the prime factors of 13348?
2, 47, 71
What are the prime factors of 134186?
2, 13, 397
What are the prime factors of 18234?
2, 3, 1013
List the prime factors of 1678.
2, 839
What are the prime factors of 19875?
3, 5, 53
List the prime factors of 1336.
2, 167
What are the prime factors of 2987?
29, 103
List the prime factors of 2112.
2, 3, 11
What are the prime factors of 8971?
8971
List the prime factors of 15816.
2, 3, 659
List the prime factors of 97.
97
What are the prime factors of 5627?
17, 331
List the prime factors of 1240.
2, 5, 31
What are the prime factors of 110144?
2, 1721
List the prime factors of 10512.
2, 3, 73
List the prime factors of 2255.
5, 11, 41
List the prime factors of 8701.
7, 11, 113
List the prime factors of 28713.
3, 17, 563
List the prime factors of 9810.
2, 3, 5, 109
What are the prime factors of 1832?
2, 229
What are the prime factors of 677?
677
List the prime factors of 26919.
3, 997
What are the prime factors of 122494?
2, 73, 839
List the prime factors of 2374.
2, 1187
List the prime factors of 281.
281
List the prime factors of 539.
7, 11
What are the prime factors of 6363?
3, 7, 101
What are the prime factors of 5261?
5261
What are the prime factors of 8127?
3, 7, 43
What are the prime factors of 7468?
2, 1867
List the prime factors of 912.
2, 3, 19
List the prime factors of 26845.
5, 7, 13, 59
What are the prime factors of 3910?
2, 5, 17, 23
List the prime factors of 55.
5, 11
What are the prime factors of 7206?
2, 3, 1201
List the prime factors of 3142.
2, 1571
List the prime factors of 961.
31
What are the prime factors of 5163?
3, 1721
List the prime factors of 23876.
2, 47, 127
What are the prime factors of 31511?
31511
List the prime factors of 645.
3, 5, 43
What are the prime factors of 18336?
2, 3, 191
List the prime factors of 46239.
3, 15413
List the prime factors of 21231.
3, 7, 337
List the prime factors of 2750.
2, 5, 11
What are the prime factors of 2310?
2, 3, 5, 7, 11
List the prime factors of 13791.
3, 4597
What are the prime factors of 15849?
3, 587
List the prime factors of 3260.
2, 5, 163
List the prime factors of 21095.
5, 4219
List the prime factors of 26668.
2, 59, 113
List the prime factors of 3240.
2, 3, 5
What are the prime factors of 454?
2, 227
List the prime factors of 18805.
5, 3761
What are the prime factors of 65858?
2, 13, 17, 149
List the prime factors of 29427.
3, 17, 577
What are the prime factors of 6743?
11, 613
What are the prime factors of 6861?
3, 2287
List the prime factors of 4989.
3, 1663
What are the prime factors of 38829?
3, 7, 43
List the prime factors of 64534.
2, 41, 787
What are the prime factors of 6439?
47, 137
What are the prime factors of 173155?
5, 34631
List the prime factors of 35429.
71, 499
What are the prime factors of 104424?
2, 3, 19, 229
List the prime factors of 22747.
23, 43
List the prime factors of 133784.
2, 7, 2389
List the prime factors of 90457.
17, 313
What are the prime factors of 163?
163
List the prime factors of 15394.
2, 43, 179
List the prime factors of 199.
199
List the prime factors of 45164.
2, 7, 1613
What are the prime factors of 20413?
137, 149
What are the prime factors of 14490?
2, 3, 5, 7, 23
What are the prime factors of 5296?
2, 331
List the prime factors of 104.
2, 13
What are the prime factors of 7211?
7211
List the prime factors of 16090.
2, 5, 1609
List the prime factors of 1188.
2, 3, 11
List the prime factors of 57809.
57809
What are the prime factors of 1849?
43
List the prime factors of 558.
2, 3, 31
What are the prime factors of 34604?
2, 41, 211
List the prime factors of 20746.
2, 11, 23, 41
List the prime factors of 26915.
5, 7, 769
What are the prime factors of 1047?
3, 349
List the prime factors of 3843.
3, 7, 61
What are the prime factors of 2300?
2, 5, 23
What are the prime factors of 31395?
3, 5, 7, 13, 23
What are the prime factors of 1789?
1789
What are the prime factors of 3177?
3, 353
What are the prime factors of 2298?
2, 3, 383
What are the prime factors of 20103?
3, 6701
What are the prime factors of 198278?
2, 99139
What are the prime factors of 2612?
2, 653
What are the prime factors of 17638?
2, 8819
List the prime factors of 12742.
2, 23, 277
List the prime factors of 8138.
2, 13, 313
List the prime factors of 39405.
3, 5, 37, 71
What are the prime factors of 4928?
2, 7, 11
What are the prime factors of 851?
23, 37
List the prime factors of 19556.
2, 4889
What are the prime factors of 13948?
2, 11, 317
List the prime factors of 1460.
2, 5, 73
What are the prime factors of 14097?
3, 37, 127
List the prime factors of 22593.
3, 17, 443
List the prime factors of 1992.
2, 3, 83
What are the prime factors of 5038?
2, 11, 229
List the prime factors of 3272.
2, 409
List the prime factors of 14567.
7, 2081
List the prime factors of 84220.
2, 5, 4211
List the prime factors of 3564.
2, 3, 11
List the prime factors of 16268.
2, 7, 83
What are the prime factors of 116154?
2, 3, 239
What are the prime factors of 1048?
2, 131
List the prime factors of 1417.
13, 109
List the prime factors of 1974.
2, 3, 7, 47
List the prime factors of 7025.
5, 281
What are the prime factors of 1982?
2, 991
What are the prime factors of 13601?
7, 29, 67
List the prime factors of 175.
5, 7
What are the prime factors of 25636?
2, 13, 17, 29
List the prime factors of 2045.
5, 409
List the prime factors of 26843.
17, 1579
What are the prime factors of 73167?
3, 29
What are the prime factors of 58797?
3, 47, 139
What are the prime factors of 18272?
2, 571
List the prime factors of 659.
659
What are the prime factors of 1418?
2, 709
List the prime factors of 582.
2, 3, 97
What are the prime factors of 956?
2, 239
What are the prime factors of 91280?
2, 5, 7, 163
List the prime factors of 18132.
2, 3, 1511
List the prime factors of 356.
2, 89
List the prime factors of 31271.
31271
List the prime factors of 8501.
8501
What are the prime factors of 2075?
5, 83
What are the prime factors of 11177?
11177
List the prime factors of 1064.
2, 7, 19
What are the prime factors of 4277?
7, 13, 47
What are the prime factors of 31850?
2, 5, 7, 13
List the prime factors of 5464.
2, 683
What are the prime factors of 6757?
29, 233
List the prime factors of 17039.
11, 1549
What are the prime factors of 38661?
3, 7, 263
What are the prime factors of 136045?
5, 7, 13, 23
List the prime factors of 16488.
2, 3, 229
List the prime factors of 50771.
7, 7253
What are the prime factors of 1629?
3, 181
List the prime factors of 11248.
2, 19, 37
List the prime factors of 24494.
2, 37, 331
What are the prime factors of 120974?
2, 7, 8641
List the prime factors of 6276.
2, 3, 523
What are the prime factors of 732?
2, 3, 61
List the prime factors of 185.
5, 37
List the prime factors of 2109.
3, 19, 37
What are the prime factors of 140357?
7, 20051
List the prime factors of 104.
2, 13
What are the prime factors of 400?
2, 5
List the prime factors of 7053.
3, 2351
What are the prime factors of 151391?
151391
What are the prime factors of 37736?
2, 53, 89
List the prime factors of 122.
2, 61
What are the prime factors of 1872?
2, 3, 13
List the prime factors of 2864.
2, 179
What are the prime factors of 9682?
2, 47, 103
What are the prime factors of 746?
2, 373
List the prime factors of 100042.
2, 50021
What are the prime factors of 